{"id":1949,"date":"2025-07-06T18:05:29","date_gmt":"2025-07-06T16:05:29","guid":{"rendered":"https:\/\/etriercahorsbegoux.com\/?page_id=1949"},"modified":"2025-07-15T15:47:45","modified_gmt":"2025-07-15T13:47:45","slug":"finalisation-de-linscription-2","status":"publish","type":"page","link":"https:\/\/etriercahorsbegoux.com\/index.php\/finalisation-de-linscription-2\/","title":{"rendered":"Finalisation de l&#8217;inscription"},"content":{"rendered":"\t\t<div data-elementor-type=\"wp-page\" data-elementor-id=\"1949\" class=\"elementor elementor-1949\">\n\t\t\t\t\t\t<section class=\"elementor-section elementor-top-section elementor-element elementor-element-3d58b6f elementor-section-boxed elementor-section-height-default elementor-section-height-default\" data-id=\"3d58b6f\" data-element_type=\"section\">\n\t\t\t\t\t\t<div class=\"elementor-container elementor-column-gap-default\">\n\t\t\t\t\t<div class=\"elementor-column elementor-col-100 elementor-top-column elementor-element elementor-element-84fe1c5\" data-id=\"84fe1c5\" data-element_type=\"column\">\n\t\t\t<div class=\"elementor-widget-wrap elementor-element-populated\">\n\t\t\t\t\t\t<div class=\"elementor-element elementor-element-ff41867 elementor-widget elementor-widget-text-editor\" data-id=\"ff41867\" data-element_type=\"widget\" data-widget_type=\"text-editor.default\">\n\t\t\t\t<div class=\"elementor-widget-container\">\n\t\t\t\t\t\t\t\t\t<p>F\u00e9licitation, vous avez finalis\u00e9 votre inscription pour la rentr\u00e9e ! D&#8217;ici quelques jours, vous serez contact\u00e9.e par mail par un b\u00e9n\u00e9vole de l&#8217;association afin de vous <strong>confirmer la bonne r\u00e9ception des \u00e9l\u00e9ments<\/strong>. En cas d&#8217;erreur ou d&#8217;\u00e9l\u00e9ment manquant, il vous guidera pour corriger.<\/p>\t\t\t\t\t\t\t\t<\/div>\n\t\t\t\t<\/div>\n\t\t\t\t<div class=\"elementor-element elementor-element-4d9910f elementor-widget elementor-widget-text-editor\" data-id=\"4d9910f\" data-element_type=\"widget\" data-widget_type=\"text-editor.default\">\n\t\t\t\t<div class=\"elementor-widget-container\">\n\t\t\t\t\t\t\t\t\t<p>Si vous ne l&#8217;avez pas fait en ligne, le r\u00e8glement de l&#8217;adh\u00e9sion, de la licence, et des premiers cours de l&#8217;ann\u00e9e se fera directement au club, au mois de septembre, aupr\u00e8s des monitrices. \ud83d\udc0e<\/p>\t\t\t\t\t\t\t\t<\/div>\n\t\t\t\t<\/div>\n\t\t\t\t<div class=\"elementor-element elementor-element-3ffd4af elementor-widget elementor-widget-text-editor\" data-id=\"3ffd4af\" data-element_type=\"widget\" data-widget_type=\"text-editor.default\">\n\t\t\t\t<div class=\"elementor-widget-container\">\n\t\t\t\t\t\t\t\t\t<p><em>Modes de paiement accept\u00e9s : Pass&#8217;Sport &#8211; Ch\u00e8ques vacances &#8211; Carte bancaire &#8211; Ch\u00e8que &#8211; Esp\u00e8ces<\/em><\/p>\t\t\t\t\t\t\t\t<\/div>\n\t\t\t\t<\/div>\n\t\t\t\t<div class=\"elementor-element elementor-element-3735bf6 elementor-widget elementor-widget-spacer\" data-id=\"3735bf6\" data-element_type=\"widget\" data-widget_type=\"spacer.default\">\n\t\t\t\t<div class=\"elementor-widget-container\">\n\t\t\t\t\t\t\t<div class=\"elementor-spacer\">\n\t\t\t<div class=\"elementor-spacer-inner\"><\/div>\n\t\t<\/div>\n\t\t\t\t\t\t<\/div>\n\t\t\t\t<\/div>\n\t\t\t\t\t<\/div>\n\t\t<\/div>\n\t\t\t\t\t<\/div>\n\t\t<\/section>\n\t\t\t\t<section class=\"elementor-section elementor-top-section elementor-element elementor-element-95bce16 elementor-section-boxed elementor-section-height-default elementor-section-height-default\" data-id=\"95bce16\" data-element_type=\"section\">\n\t\t\t\t\t\t<div class=\"elementor-container elementor-column-gap-default\">\n\t\t\t\t\t<div class=\"elementor-column elementor-col-50 elementor-top-column elementor-element elementor-element-017ac5c\" data-id=\"017ac5c\" data-element_type=\"column\">\n\t\t\t<div class=\"elementor-widget-wrap elementor-element-populated\">\n\t\t\t\t\t\t<div class=\"elementor-element elementor-element-0de4b0b elementor-widget elementor-widget-heading\" data-id=\"0de4b0b\" data-element_type=\"widget\" data-widget_type=\"heading.default\">\n\t\t\t\t<div class=\"elementor-widget-container\">\n\t\t\t\t\t<h4 class=\"elementor-heading-title elementor-size-default\">Nous aider au Forum des Sports \ud83e\udd1d<\/h4>\t\t\t\t<\/div>\n\t\t\t\t<\/div>\n\t\t\t\t<div class=\"elementor-element elementor-element-48a92ea elementor-widget elementor-widget-text-editor\" data-id=\"48a92ea\" data-element_type=\"widget\" data-widget_type=\"text-editor.default\">\n\t\t\t\t<div class=\"elementor-widget-container\">\n\t\t\t\t\t\t\t\t\t<p>Le <strong>samedi 30 ao\u00fbt<\/strong>, la ville de Cahors organise le <strong>Forum des Sports<\/strong> au stade Lucien Desprat. Nous recherchons donc des b\u00e9n\u00e9voles pour l&#8217;occasion ! Si vous \u00eates disponible, n&#8217;h\u00e9sitez pas \u00e0 nous le signaler en remplissant le formulaire ci-dessous. Pour les b\u00e9n\u00e9voles pr\u00e9sents le midi, le repas sera pris en charge par l&#8217;Etrier !<\/p><p>L&#8217;inscription sur le formulaire ne vous engage pas ! Vous recevrez un mail fin ao\u00fbt pour confirmer votre pr\u00e9sence et vos horaires de disponibilit\u00e9s !<\/p><p><div class=\"frm_forms  with_frm_style frm_style_formidable-style\" id=\"frm_form_7_container\" data-token=\"9c9ede5a770134dd827e86a9c7c379e0\">\n<form enctype=\"multipart\/form-data\" method=\"post\" class=\"frm-show-form \" id=\"form_forum-des-sports\" data-token=\"9c9ede5a770134dd827e86a9c7c379e0\">\n<div class=\"frm_form_fields \">\n<fieldset>\n<legend class=\"frm_screen_reader\">Forum des Sports<\/legend>\n\n<div class=\"frm_fields_container\">\n<input type=\"hidden\" name=\"frm_action\" value=\"create\" \/>\n<input type=\"hidden\" name=\"form_id\" value=\"7\" \/>\n<input type=\"hidden\" name=\"frm_hide_fields_7\" id=\"frm_hide_fields_7\" value=\"\" \/>\n<input type=\"hidden\" name=\"form_key\" value=\"forum-des-sports\" \/>\n<input type=\"hidden\" name=\"item_meta[0]\" value=\"\" \/>\n<input type=\"hidden\" id=\"frm_submit_entry_7\" name=\"frm_submit_entry_7\" value=\"840c76dd36\" \/><input type=\"hidden\" name=\"_wp_http_referer\" value=\"\/index.php\/wp-json\/wp\/v2\/pages\/1949\" \/><div id=\"frm_field_86_container\" class=\"frm_form_field form-field  frm_required_field frm_top_container\">\n\t<div  id=\"field_5jqo4_label\" class=\"frm_primary_label\">Le b\u00e9n\u00e9vole\n\t\t<span class=\"frm_required\" aria-hidden=\"true\">*<\/span>\n\t<\/div>\n\t<fieldset aria-labelledby=\"field_5jqo4_label\">\n\t<legend class=\"frm_screen_reader frm_hidden\">\n\t\tLe b\u00e9n\u00e9vole\t<\/legend>\n\n\t<div  class=\"frm_combo_inputs_container\" id=\"frm_combo_inputs_container_86\" data-name-layout=\"first_last\">\n\t\t\t\t\t<div\n\t\t\t\tid=\"frm_field_86-first_container\"\n\t\t\t\tclass=\"frm_form_field form-field frm_form_subfield-first  frm6\"\n\t\t\t\tdata-sub-field-name=\"first\"\n\t\t\t>\n\t\t\t\t<label for=\"field_5jqo4_first\" class=\"frm_screen_reader frm_hidden\">\n\t\t\t\t\tNom\t\t\t\t<\/label>\n\n\t\t\t\t<input  type=\"text\" id=\"field_5jqo4_first\" value=\"\" name=\"item_meta[86][first]\" data-reqmsg=\"Le b\u00e9n\u00e9vole cannot be blank.\" aria-required=\"true\" data-invmsg=\"Le b\u00e9n\u00e9vole est non valide\" aria-invalid=\"false\"  \/><div class=\"frm_description\" id=\"frm_field_86_first_desc\">Nom<\/div>\t\t\t<\/div>\n\t\t\t\t\t\t<div\n\t\t\t\tid=\"frm_field_86-last_container\"\n\t\t\t\tclass=\"frm_form_field form-field frm_form_subfield-last  frm6\"\n\t\t\t\tdata-sub-field-name=\"last\"\n\t\t\t>\n\t\t\t\t<label for=\"field_5jqo4_last\" class=\"frm_screen_reader frm_hidden\">\n\t\t\t\t\tPr\u00e9nom\t\t\t\t<\/label>\n\n\t\t\t\t<input  type=\"text\" id=\"field_5jqo4_last\" value=\"\" name=\"item_meta[86][last]\" data-reqmsg=\"Le b\u00e9n\u00e9vole cannot be blank.\" aria-required=\"true\" data-invmsg=\"Le b\u00e9n\u00e9vole est non valide\" aria-invalid=\"false\"  \/><div class=\"frm_description\" id=\"frm_field_86_last_desc\">Pr\u00e9nom<\/div>\t\t\t<\/div>\n\t\t\t\t<\/div>\n<\/fieldset>\n\n\t\n\t\n<\/div>\n<div id=\"frm_field_88_container\" class=\"frm_form_field form-field  frm_required_field frm_top_container\">\n\t<label for=\"field_lar1x\" id=\"field_lar1x_label\" class=\"frm_primary_label\">Email\n\t\t<span class=\"frm_required\" aria-hidden=\"true\">*<\/span>\n\t<\/label>\n\t<input type=\"email\" id=\"field_lar1x\" name=\"item_meta[88]\" value=\"\"  data-reqmsg=\"Email cannot be blank.\" aria-required=\"true\" data-invmsg=\"Email is invalid\" aria-invalid=\"false\"  \/>\n\t\n\t\n<\/div>\n<div id=\"frm_field_87_container\" class=\"frm_form_field form-field  frm_required_field frm_top_container vertical_radio\">\n\t<div  id=\"field_kwgu0_label\" class=\"frm_primary_label\">Quand pouvez-vous nous aider ?\n\t\t<span class=\"frm_required\" aria-hidden=\"true\">*<\/span>\n\t<\/div>\n\t<div class=\"frm_opt_container\" aria-labelledby=\"field_kwgu0_label\" role=\"group\">\t\t<div class=\"frm_checkbox\" id=\"frm_checkbox_87-4\">\t\t\t<label  for=\"field_kwgu0-4\">\n\t\t\t<input type=\"checkbox\" name=\"item_meta[87][]\" id=\"field_kwgu0-4\" value=\"Je ne sais pas encore, on en discute \u00e0 la fin de l&#039;\u00e9t\u00e9 !\"  data-reqmsg=\"Quand pouvez-vous nous aider ? cannot be blank.\" data-invmsg=\"Quand pouvez-vous nous aider ? est non valide\" aria-invalid=\"false\"   aria-required=\"true\"  \/> Je ne sais pas encore, on en discute \u00e0 la fin de l&#8217;\u00e9t\u00e9 !<\/label><\/div>\n\t\t<div class=\"frm_checkbox\" id=\"frm_checkbox_87-0\">\t\t\t<label  for=\"field_kwgu0-0\">\n\t\t\t<input type=\"checkbox\" name=\"item_meta[87][]\" id=\"field_kwgu0-0\" value=\"Pour l&#039;installation : De 8h\/8h30 jusqu&#039;\u00e0 10h\"  data-reqmsg=\"Quand pouvez-vous nous aider ? cannot be blank.\" data-invmsg=\"Quand pouvez-vous nous aider ? est non valide\" aria-invalid=\"false\"   \/> Pour l&#8217;installation : De 8h\/8h30 jusqu&#8217;\u00e0 10h<\/label><\/div>\n\t\t<div class=\"frm_checkbox\" id=\"frm_checkbox_87-1\">\t\t\t<label  for=\"field_kwgu0-1\">\n\t\t\t<input type=\"checkbox\" name=\"item_meta[87][]\" id=\"field_kwgu0-1\" value=\"La matin\u00e9e avec le public : de 10h \u00e0 12h\/13h\"  data-reqmsg=\"Quand pouvez-vous nous aider ? cannot be blank.\" data-invmsg=\"Quand pouvez-vous nous aider ? est non valide\" aria-invalid=\"false\"   \/> La matin\u00e9e avec le public : de 10h \u00e0 12h\/13h<\/label><\/div>\n\t\t<div class=\"frm_checkbox\" id=\"frm_checkbox_87-2\">\t\t\t<label  for=\"field_kwgu0-2\">\n\t\t\t<input type=\"checkbox\" name=\"item_meta[87][]\" id=\"field_kwgu0-2\" value=\"L&#039;apr\u00e8s-midi avec le public : de 13h \u00e0 18h\"  data-reqmsg=\"Quand pouvez-vous nous aider ? cannot be blank.\" data-invmsg=\"Quand pouvez-vous nous aider ? est non valide\" aria-invalid=\"false\"   \/> L&#8217;apr\u00e8s-midi avec le public : de 13h \u00e0 18h<\/label><\/div>\n\t\t<div class=\"frm_checkbox\" id=\"frm_checkbox_87-3\">\t\t\t<label  for=\"field_kwgu0-3\">\n\t\t\t<input type=\"checkbox\" name=\"item_meta[87][]\" id=\"field_kwgu0-3\" value=\"Pour le rangement en fin de journ\u00e9e : de 17h \u00e0 19h\/19h30\"  data-reqmsg=\"Quand pouvez-vous nous aider ? cannot be blank.\" data-invmsg=\"Quand pouvez-vous nous aider ? est non valide\" aria-invalid=\"false\"   \/> Pour le rangement en fin de journ\u00e9e : de 17h \u00e0 19h\/19h30<\/label><\/div>\n<\/div>\n\t\n\t\n<\/div>\n<div id=\"frm_field_90_container\" class=\"frm_form_field form-field  frm_top_container\">\n\t<label for=\"field_4w9vp\" id=\"field_4w9vp_label\" class=\"frm_primary_label\">Une remarque, une demande, une question ?\n\t\t<span class=\"frm_required\" aria-hidden=\"true\"><\/span>\n\t<\/label>\n\t<input type=\"text\" id=\"field_4w9vp\" name=\"item_meta[90]\" value=\"\"  data-invmsg=\"Une remarque, une demande, une question ? is invalid\" aria-invalid=\"false\"  \/>\n\t\n\t\n<\/div>\n<div id=\"frm_field_85_container\" class=\"frm_form_field form-field \">\n\t<div class=\"frm_submit frm_flex\">\n<button class=\"frm_button_submit\" type=\"submit\"  >Envoy\u00e9<\/button>\n\n\n\n<\/div>\n<\/div>\n\t<input type=\"hidden\" name=\"item_key\" value=\"\" \/>\n\t\t\t<div id=\"frm_field_91_container\">\n\t\t\t<label for=\"field_q1nh9\" >\n\t\t\t\tSi vous \u00eates un humain, ne remplissez pas ce champ.\t\t\t<\/label>\n\t\t\t<input  id=\"field_q1nh9\" type=\"text\" class=\"frm_form_field form-field frm_verify\" name=\"item_meta[91]\" value=\"\"  \/>\n\t\t<\/div>\n\t\t<input name=\"frm_state\" type=\"hidden\" value=\"64ZmP5MEFRQzbZFAfAsn3knZMgosb9yuqSXPaSB1V4A=\" \/><\/div>\n<\/fieldset>\n<\/div>\n\n<\/form>\n<\/div>\n<\/p>\t\t\t\t\t\t\t\t<\/div>\n\t\t\t\t<\/div>\n\t\t\t\t\t<\/div>\n\t\t<\/div>\n\t\t\t\t<div class=\"elementor-column elementor-col-50 elementor-top-column elementor-element elementor-element-aa21a4b\" data-id=\"aa21a4b\" data-element_type=\"column\">\n\t\t\t<div class=\"elementor-widget-wrap elementor-element-populated\">\n\t\t\t\t\t\t<div class=\"elementor-element elementor-element-946d7f1 elementor-widget elementor-widget-heading\" data-id=\"946d7f1\" data-element_type=\"widget\" data-widget_type=\"heading.default\">\n\t\t\t\t<div class=\"elementor-widget-container\">\n\t\t\t\t\t<h4 class=\"elementor-heading-title elementor-size-default\">H\u00e2te de revenir au club ?<\/h4>\t\t\t\t<\/div>\n\t\t\t\t<\/div>\n\t\t\t\t<div class=\"elementor-element elementor-element-2f13feb elementor-widget elementor-widget-text-editor\" data-id=\"2f13feb\" data-element_type=\"widget\" data-widget_type=\"text-editor.default\">\n\t\t\t\t<div class=\"elementor-widget-container\">\n\t\t\t\t\t\t\t\t\t<p>Le club organise des activit\u00e9s durant <strong>tout le mois de juillet<\/strong>, et fermera pour un mois \u00e0 partir du 2 ao\u00fbt.\u00a0<strong style=\"font-family: var( --e-global-typography-text-font-family ), Sans-serif;\">Les cours reprendront \u00e0 partir du samedi 6 septembre.<\/strong><span style=\"font-family: var( --e-global-typography-text-font-family ), Sans-serif;\"> Pour conna\u00eetre l&#8217;horaire de votre cours, vous pouvez contacter le club par mail. Si l&#8217;horaire a d\u00e9j\u00e0 \u00e9t\u00e9 fix\u00e9, une monitrice ou un b\u00e9n\u00e9vole vous r\u00e9pondra !<\/span><\/p><p>Et sinon, pas de panique, venez nous voir aux <strong>forum des sports de Cahors, le samedi 30 ao\u00fbt.<\/strong>\u00a0Les monitrices seront pr\u00e9sentes pour r\u00e9pondre \u00e0 vos questions !<\/p>\t\t\t\t\t\t\t\t<\/div>\n\t\t\t\t<\/div>\n\t\t\t\t<div class=\"elementor-element elementor-element-698038f elementor-widget elementor-widget-heading\" data-id=\"698038f\" data-element_type=\"widget\" data-widget_type=\"heading.default\">\n\t\t\t\t<div class=\"elementor-widget-container\">\n\t\t\t\t\t<h4 class=\"elementor-heading-title elementor-size-default\">Bonnes vacances et \u00e0 bient\u00f4t \u00e0 cheval \ud83d\udc0e\ud83d\udc0e\ud83d\udc0e<\/h4>\t\t\t\t<\/div>\n\t\t\t\t<\/div>\n\t\t\t\t\t<\/div>\n\t\t<\/div>\n\t\t\t\t\t<\/div>\n\t\t<\/section>\n\t\t\t\t<section class=\"elementor-section elementor-top-section elementor-element elementor-element-5fcfd76 elementor-section-boxed elementor-section-height-default elementor-section-height-default\" data-id=\"5fcfd76\" data-element_type=\"section\">\n\t\t\t\t\t\t<div class=\"elementor-container elementor-column-gap-default\">\n\t\t\t\t\t<div class=\"elementor-column elementor-col-100 elementor-top-column elementor-element elementor-element-40eff11\" data-id=\"40eff11\" data-element_type=\"column\">\n\t\t\t<div class=\"elementor-widget-wrap elementor-element-populated\">\n\t\t\t\t\t\t<div class=\"elementor-element elementor-element-2073581 elementor-align-center elementor-widget elementor-widget-button\" data-id=\"2073581\" data-element_type=\"widget\" data-widget_type=\"button.default\">\n\t\t\t\t<div class=\"elementor-widget-container\">\n\t\t\t\t\t\t\t\t\t<div class=\"elementor-button-wrapper\">\n\t\t\t\t\t<a class=\"elementor-button elementor-button-link elementor-size-sm\" href=\"https:\/\/etriercahorsbegoux.com\/\">\n\t\t\t\t\t\t<span class=\"elementor-button-content-wrapper\">\n\t\t\t\t\t\t\t\t\t<span class=\"elementor-button-text\">Retour \u00e0 la page d'accueil<\/span>\n\t\t\t\t\t<\/span>\n\t\t\t\t\t<\/a>\n\t\t\t\t<\/div>\n\t\t\t\t\t\t\t\t<\/div>\n\t\t\t\t<\/div>\n\t\t\t\t\t<\/div>\n\t\t<\/div>\n\t\t\t\t\t<\/div>\n\t\t<\/section>\n\t\t\t\t<\/div>\n\t\t","protected":false},"excerpt":{"rendered":"<p>F\u00e9licitation, vous avez finalis\u00e9 votre inscription pour la rentr\u00e9e ! D&#8217;ici quelques jours, vous serez contact\u00e9.e par mail par un [&hellip;]<\/p>\n","protected":false},"author":1,"featured_media":0,"parent":0,"menu_order":0,"comment_status":"closed","ping_status":"closed","template":"","meta":{"_monsterinsights_skip_tracking":false,"_monsterinsights_sitenote_active":false,"_monsterinsights_sitenote_note":"","_monsterinsights_sitenote_category":0,"footnotes":""},"class_list":["post-1949","page","type-page","status-publish","hentry"],"_links":{"self":[{"href":"https:\/\/etriercahorsbegoux.com\/index.php\/wp-json\/wp\/v2\/pages\/1949","targetHints":{"allow":["GET"]}}],"collection":[{"href":"https:\/\/etriercahorsbegoux.com\/index.php\/wp-json\/wp\/v2\/pages"}],"about":[{"href":"https:\/\/etriercahorsbegoux.com\/index.php\/wp-json\/wp\/v2\/types\/page"}],"author":[{"embeddable":true,"href":"https:\/\/etriercahorsbegoux.com\/index.php\/wp-json\/wp\/v2\/users\/1"}],"replies":[{"embeddable":true,"href":"https:\/\/etriercahorsbegoux.com\/index.php\/wp-json\/wp\/v2\/comments?post=1949"}],"version-history":[{"count":10,"href":"https:\/\/etriercahorsbegoux.com\/index.php\/wp-json\/wp\/v2\/pages\/1949\/revisions"}],"predecessor-version":[{"id":2074,"href":"https:\/\/etriercahorsbegoux.com\/index.php\/wp-json\/wp\/v2\/pages\/1949\/revisions\/2074"}],"wp:attachment":[{"href":"https:\/\/etriercahorsbegoux.com\/index.php\/wp-json\/wp\/v2\/media?parent=1949"}],"curies":[{"name":"wp","href":"https:\/\/api.w.org\/{rel}","templated":true}]}}